the remainder when 10 is divided by (2 - 3)*r + 3?
2
Suppose -11 = -p + 5*r, 5*p - r + 0*r = 151. What is the remainder when p is divided by 16?
15
Let y(m) = -m. Suppose 5*z - 2*n = 27, -z + 30 = 4*z - 5*n. What is the remainder when z is divided by y(-3)?
2
Suppose k - 4*f - 30 = 0, 0*f - 4*f - 50 = -3*k. What is the remainder when 75 is divided by k?
5
Suppose 0*l + l - 24 = -3*i, 16 = 2*i - 2*l. Calculate the remainder when 1819/68 + (-6)/i is divided by 14.
12
Suppose 2*t + 5*p = -3*t + 110, 2*t = p + 38. What is the remainder when t is divided by 7?
6
Suppose 54 = z + y, 4*y + 96 = -z + 3*z. What is the remainder when z is divided by ((-2)/4)/((-4)/112)?
10
Suppose 4*f = 66 + 2. Let h = -4 + 9. Calculate the remainder when f is divided by h.
2
Calculate the remainder when 35 is divided by (57/6)/(5/10).
16
Let o be 1/2 - 10/4. Let h = 5 - o. Let j = 3 + 0. Calculate the remainder when h is divided by j.
1
Suppose 5*k - 53 = -4*z, 2*k - 2*z - z = 12. What is the remainder when 32 is divided by k?
5
Let t(m) = -32*m + 2. Let b = -25 - -37. Calculate the remainder when t(-1) is divided by b.
10
Suppose -5*c - 104 = -10*c + 2*b, 0 = 4*c - 2*b - 82. Suppose 4*k - 19 = 13. What is the remainder when c is divided by k?
6
Suppose 7*x = 4*x + 132. Calculate the remainder when 87 is divided by x.
43
Let r be 2*-3*95/(-6). Suppose -u + 6*u = r. Calculate the remainder when 54 is divided by u.
16
Suppose 4*t = 2*n - 2, 0*t + t - 22 = -4*n. Suppose -n*k - 55 = 5*o, 0 = -o + 6 - 2. Let m = 26 + k. What is the remainder when 32 is divided by m?
10
Let n(c) = -c + 9. Let z be n(6). Suppose i + z*l + 4 = 10, -2*i + 5*l + 67 = 0. What is the remainder when i is divided by 8?
5
Suppose 3*b + 2*b + 2*y = 0, -25 = 5*y. Let m(r) = -r**2 - 6*r + 6. Let x be m(-6). Suppose -b*t = -t - x. Calculate the remainder when 10 is divided by t.
4
Suppose 19*s = 14*s + 15. What is the remainder when 7 is divided by s?
1
Suppose -3*y = -3, c - 5*y - 2 = -0. Let i be 0*1/(-2)*-2. Let j = 3 - i. What is the remainder when c is divided by j?
1
Calculate the remainder when 16 is divided by (-1)/6 + (-5 - (-182)/12).
6
Suppose 4*z + 38 = 2*w + 136, 2*z + 2*w = 34. Calculate the remainder when z is divided by 3.
1
Let h = 1 - -20. What is the remainder when h is divided by 4?
1
Suppose -2*m = 2*d + 8 + 6, -2*m - 24 = 4*d. Calculate the remainder when 27 is divided by 6*1/m - -17.
13
Let p(k) = -37*k**3 - 2*k - 6. Calculate the remainder when p(-2) is divided by 33.
30
Let v = -25 - -49. Let l = v - 13. What is the remainder when 30 is divided by l?
8
Let i(p) = p**3 + p - 438. Let q be i(0). Calculate the remainder when 2/(-4) + q/(-12) is divided by 13.
10
Let m = -8 + 13. Suppose 70 = 5*u - 0. What is the remainder when u is divided by m?
4
Let x(v) = 4*v**2 - 4*v - 3. Let o be x(-3). Suppose -3*g - 3*l + o = 0, -5*g + 6*l - 2*l + 48 = 0. Calculate the remainder when 35 is divided by g.
11
Let w(u) = -u**3 - 6*u**2 + u + 4. Let d be w(-6). Let y = d - -6. Let t(b) = 7*b**2 - 2*b + 1. Calculate the remainder when t(1) is divided by y.
2
Let o(y) = 6*y**2 + 1 - 9*y + 0 + 3*y**2 - y**3. Suppose -3*s + 30 = 2*s. Calculate the remainder when o(s) is divided by 19.
17
Suppose 4*v - 12 - 8 = 0. Suppose -v*r = 20, p - r = -0*p + 32. Let k(i) = i**2 - 2*i - 5. Calculate the remainder when p is divided by k(5).
8
Suppose 0 = 4*w - 35 - 1. Let d(h) = -h - 13. Calculate the remainder when w is divided by d(-18).
4
What is the remainder when 4 is divided by -2 - (6/(-3) + -2)?
0
Calculate the remainder when 13 is divided by -2*((-3)/6 + -3).
6
Let j = 38 + -22. Let z(c) = -c**3 + 11*c**2 - 5*c + 13. Calculate the remainder when z(10) is divided by j.
15
Let r = -4 + 13. Let v(w) = -11*w - 5. What is the remainder when v(-2) is divided by r?
8
Let l(v) = 19*v**2 + v - 1. Let x be (-4)/((-2)/(-6) - 1). Suppose s = x*s - 125. Calculate the remainder when l(-2) is divided by s.
23
Suppose 4*o = -l + 23, l - 4*l + 55 = 5*o. Calculate the remainder when l is divided by 9.
6
Suppose 2*o + 145 + 46 = 3*j, -317 = -5*j + 4*o. Calculate the remainder when j is divided by 6.
5
Let v(b) = 5*b - 11. Suppose 4*u - 2*u - 24 = -2*o, 5*o - 20 = 0. What is the remainder when v(u) is divided by 8?
5
Let b(d) = -5*d + 2. What is the remainder when b(-1) is divided by 3?
1
What is the remainder when 35 is divided by (-8)/(-32) + 47/4?
11
Suppose 0 = -h - 5*k + 48, 0 = 2*h + k + 33 - 120. What is the remainder when h is divided by 16?
11
Suppose -5*s + 0*s = 80. Let k = 5 - s. What is the remainder when k is divided by 6?
3
Let j(i) = i**2 - 3*i - 1. Calculate the remainder when j(4) is divided by 3.
0
Let d be (-3)/(9/48*1). What is the remainder when 40*(d/20)/(-1) is divided by 11?
10
Let a = 26 + -4. Suppose z = -z + a. Let f = 70 - 50. What is the remainder when f is divided by z?
9
Let v be 4*(-1 + 2) + 1. Let c(m) = -4*m - 3. Let n be c(-2). Suppose -4*a = v*z - 31, n*a - z - 90 = 3*z. What is the remainder when 26 is divided by a?
12
Let p = -25 - -111. What is the remainder when p is divided by 15?
11
Let q(i) = i**3 - 14*i**2 - 15*i + 14. Suppose -4*n + o = -24, -5*n - 2*o = -11 - 6. Calculate the remainder when q(15) is divided by n.
4
Let k be 1*(0 - (-7 - -1)). Let y(f) = -f**3 + 2*f**2 + 3*f + 3. Let o be y(3). Suppose o*u = 9 + k. Calculate the remainder when 14 is divided by u.
4
Suppose 18 = -x + 3*x. Calculate the remainder when 25 is divided by x + -3 + 1 + 2.
7
Suppose -2*w + 3*u + 52 = 2*w, -2*w = -4*u - 16. Calculate the remainder when 29 is divided by w.
13
Let n(v) = v**2 - v - 104. Let i be n(0). Let r = i - -192. Calculate the remainder when r is divided by 30.
28
Let k = 4 + 59. Let v(y) = 9*y**2 - 3*y - 6. Let x(w) = 19*w**2 - 7*w - 13. Let l(t) = 9*v(t) - 4*x(t). Calculate the remainder when k is divided by l(-2).
15
Let l(f) = 2*f - 20. What is the remainder when 25 is divided by l(17)?
11
Let c = 71 - 38. Calculate the remainder when 94 is divided by c.
28
Let o = 2 - 0. Suppose o*s - 2 = -y + 3*s, -5*y - s = -16. What is the remainder when 3 is divided by y?
0
Let v(z) = z + 8. Let w be v(-6). Suppose w*f + f - 63 = 0. What is the remainder when f is divided by 11?
10
Let h(x) = -x + x**3 + 2*x**2 + 3*x + 3*x**2 - x**2. Suppose 0 = -5*i - j - 19, -5*i - 3*j - 32 = -5. What is the remainder when 8 is divided by h(i)?
2
Let i(t) = 11*t + 9. Calculate the remainder when 121 is divided by i(2).
28
Calculate the remainder when 49 is divided by ((-28)/(-7))/(-4) - (-4 - 1).
1
Let r = 2 - 0. Suppose r = 3*s - 2*s. Suppose s*x - 33 = 4*l + l, -3*l - 87 = -4*x. Calculate the remainder when x is divided by 13.
11
Let t(s) = s**3 - 8*s**2 + 2*s. Let u(z) = z**2 - 9*z + 6. Let m be u(7). What is the remainder when (2 + m)*(-46)/6 is divided by t(8)?
14
Let h = 84 + -74. What is the remainder when h is divided by 7?
3
Let b be (-2)/(-6) - 1/3. Let p be (-168)/(-35) + (-2)/(-10). Suppose 115 = p*q - 0*r + 5*r, b = 5*r + 25. What is the remainder when q is divided by 10?
8
Let u = 9 - -12. Calculate the remainder when 59 is divided by u.
17
Let x = 42 + -9. Let f(o) = o**3 - o**2 + 18. Calculate the remainder when x is divided by f(0).
15
Suppose 0 = -c + 62 + 35. What is the remainder when c is divided by 20?
17
What is the remainder when 25 is divided by 3/(-5) - 504/(-40)?
1
Let a be ((-6)/9)/((-4)/6). Let w = a + 4. Let t = 8 - w. Calculate the remainder when 8 is divided by t.
2
Let r = 9 + -5. Let f be 498/18 - 2/3. Let y = f - 20. Calculate the remainder when y is divided by r.
3
Suppose -5 = -g - 2. Let n(h) = -3*h - 4. Let i be n(-3). Suppose -99 = -g*f + i*x, 2*x + 0 - 6 = 0. Calculate the remainder when f is divided by 13.
12
Let l(n) = -n**2 + 5*n + 3. Calculate the remainder when (6/4)/((-12)/(-32)) is divided by l(5).
1
Let r be 3/((-9)/(-15)) + -3. Suppose -l - r*l = -39. Calculate the remainder when l is divided by 7.
6
Let q be (6/(-5))/(3/(-10)). Suppose 3*d - 4*a = 12, q*d - 13 = -5*a + 34. Suppose -4*h - h + 75 = 0. Calculate the remainder when h is divided by d.
7
Suppose -w = 4, -5*w = i + i + 4. What is the remainder when i is divided by 3?
2
Let x(d) = 0 + 8 + 0*d**2 - 13*d + 0*d**2 + d**2. Let v be x(10). Let q = v + 39. Calculate the remainder when q is divided by